16 = 5*w - 2*t. What is the highest common factor of w and 3060?
102
Let g = -374 + 849. Calculate the greatest common divisor of g and 25.
25
Suppose 0 = -2*q + 4*s + 160, -2*q - 5*s = -q - 52. What is the greatest common factor of q and 9?
9
Let p be 15/10 + (-2)/4. Suppose x = -4*r + 12, -3*r = 4*x - 6*x + 2. Suppose -3*o - r*o = -55. What is the greatest common factor of o and p?
1
Let i(q) = 6*q - 6*q**3 + q + 5 + 4*q**3 - 8*q**2 + 3*q**3. Let a be i(7). Suppose -364 = -a*g - 14. Calculate the greatest common divisor of g and 14.
14
Let j(q) = -24*q - 11. Let g be j(5). Let f = 146 + g. What is the highest common divisor of 3 and f?
3
Suppose -62*r + 272 = -45*r. Calculate the greatest common divisor of r and 16.
16
Let p = -7 - -15. Let h = p + -3. Suppose 10*k = h*k + 150. Calculate the highest common divisor of 20 and k.
10
Let m = 55 - 45. What is the highest common divisor of m and 40?
10
Let o = -383 + 415. What is the highest common divisor of o and 104?
8
Let t be 0 - -4 - (-5 - -5). Let f be (-11)/(-44) - 1281/t. Let x be ((-12)/(-10))/((-6)/f). What is the greatest common factor of 16 and x?
16
Let k(r) = -r**3 - 12*r + 80. Let b be k(0). Calculate the highest common factor of 100 and b.
20
Let v(r) = 2 - 3*r**3 + 6*r**3 + 4*r + 3*r**2 - 17*r**3. Let y be v(-1). Suppose 2*t = t + 75. Calculate the greatest common factor of t and y.
15
Let t = -87 - -142. Calculate the greatest common divisor of t and 11.
11
Let v be 1 + (2 - -3) - (-73 + 24). Calculate the highest common factor of v and 143.
11
Let s(o) be the second derivative of o**5/20 - o**3/2 - 3*o**2 + o. Let p be s(6). Suppose -2*l + 42 + 6 = 0. What is the greatest common factor of l and p?
24
Suppose 44*y = 39*y + 1365. Calculate the highest common divisor of y and 78.
39
Let u(y) = 67*y - 2. Let h be u(-1). Let g = -25 - h. Let m = 22 + -11. What is the highest common factor of g and m?
11
Suppose 5*x - 183 = 197. Let l = -26 - -45. What is the highest common factor of x and l?
19
Let v = -337 - -344. Suppose -43 + 5 = -i - 5*d, -3*d = 15. What is the greatest common factor of i and v?
7
Suppose -17 = -2*k + 1. Let u(v) be the second derivative of v**3/6 - 3*v**2 - 12*v. Let h be u(12). What is the greatest common divisor of k and h?
3
Let z be (6 - 2 - -2) + 4. Let k be (-8)/z + (-690)/(-50). Let v(a) = 2*a**2 - 4*a + 4. Let n be v(6). Calculate the highest common divisor of n and k.
13
Let d(r) = -r**3 - 9*r**2 + 9*r - 7. Let f be d(-10). Let k be 2 + 3/(-3) - 9. Let x = f - k. Calculate the greatest common factor of 11 and x.
11
Suppose 0*a - 4*a + 32 = 0. Let w = 40 + a. Calculate the greatest common divisor of w and 8.
8
Let v(r) = -2*r + 15. Let j be v(6). Suppose 5*a - 2 = -x + 17, 2*x + 2*a - 22 = 0. Calculate the highest common factor of j and x.
3
Suppose -4*u - d = -61, 4*u - 9 = 5*d + 22. Suppose 4*n - 16 = -2*w, -n - w + 5*w - u = 0. What is the highest common divisor of 6 and n?
2
Let m(h) = 25*h**2 - 12*h + 16. Let v be m(-4). Calculate the greatest common factor of v and 16.
16
Suppose 4*x - 5*d = 2 - 12, 6 = 5*x + 3*d. Suppose u - 2 = -x*u. Suppose 5*z - u*c = 62 - 11, 0 = -5*z + c + 48. What is the highest common divisor of z and 72?
9
Let j(l) = l - 4*l + 5*l - 13. Let w be j(0). Let b(t) = -2*t - 14. Let x be b(w). What is the highest common factor of 24 and x?
12
Suppose 4*k + 71 = 423. Let v be (-6102)/153 - (-2)/(-17). Let y = v + 48. What is the greatest common divisor of y and k?
8
Let h = -575 - -1114. Calculate the highest common factor of h and 11.
11
Let k be (-53)/5 + 6/(-15). Let z be ((-4)/(-10))/((-3)/525*-5). Let l = k + z. Calculate the highest common divisor of 27 and l.
3
Suppose -2*s = 3*s, -3*s = 5*k. Suppose -4*x + 82 + 50 = k. Let w = x + -15. What is the greatest common divisor of w and 9?
9
Let z(g) = -7*g**3 - g**2 + 1. Let b be z(-1). Suppose -5*r + 23 + b = 0. Calculate the greatest common factor of r and 6.
6
Let y = 4 - 4. Suppose 5*h + 19 + 11 = y. Let k be ((-4)/h)/(4/30). What is the highest common divisor of k and 15?
5
Suppose n = 5*n - 5*o - 90, -3*n = o - 77. Suppose 3*v + 2*u + 30 = u, u = 2*v + n. Let f be (-53)/(-6) - v/66. What is the highest common factor of 9 and f?
9
Suppose 0 = -3*f + 4*c + 3, f = 4*f + c - 3. Let t be (f/(-1))/(3/(-36)). What is the greatest common divisor of 84 and t?
12
Let a(z) = -17*z + 33. Let s be a(2). Let o = s - -37. What is the greatest common factor of o and 396?
36
Let d = -204 + 267. Let m be (-4)/(-18) + 1144/36. Suppose 3*l - m = -11. Calculate the greatest common factor of d and l.
7
Suppose 0 = 6*k - 7*k + 1. Let l be 1*(0 + k)*5. Let o = -6 - -7. Calculate the highest common divisor of l and o.
1
Suppose -5*g - 8*g + 819 = 0. Calculate the highest common factor of g and 9.
9
Let m = -236 - -242. Suppose 3*u = -2*w - w + 45, -5*w = 0. What is the highest common divisor of m and u?
3
Let y be (-1*22)/(54/(-1107)). What is the highest common factor of y and 41?
41
Let z = 237 + -169. Suppose -12 = -5*g + 4*m, -1 = -4*g - 3*m + 21. Suppose -g*b = -3*b - 17. Calculate the highest common divisor of b and z.
17
Suppose 6*p = p + 540. Suppose -4*x - 5*n = -33, 3*x = 6*x + 2*n - 30. What is the highest common factor of p and x?
12
Let w(u) = 2*u - 1. Let j be w(8). Suppose -3 = -j*g + 342. Calculate the highest common factor of g and 69.
23
Let b = 4 + 0. Suppose 13 = -b*x + 33. Let u be (-4)/(-28) + (-27)/(-21)*31. What is the greatest common divisor of x and u?
5
Suppose 0 = -3*f + 2*k + 16, 4*f + 2*k = -0 - 2. Suppose 3*n - 5*w = 68, 4*w - 44 = -f*n - 6. Calculate the highest common factor of 105 and n.
21
Let m = -13 - -38. Let k be (-10 - 5)*(4 + -9). What is the highest common factor of k and m?
25
Let h(w) = -9*w - 385. Let x be h(-44). Suppose -3*c + 182 = -49. Calculate the greatest common divisor of x and c.
11
Let r(v) = 4*v**2 + 2*v - 28. Let g be r(-6). Calculate the greatest common divisor of 24 and g.
8
Suppose 3*o = -o + 24. Let i be -6*(o/4 - 2). Suppose 0 = 3*z - 4*j - 73, -3*z + 7*j = 2*j - 71. What is the greatest common factor of i and z?
3
Suppose 7*o - 90 + 6 = 0. Let x be 577/3 + ((-69)/(-9) - 8). What is the highest common factor of x and o?
12
Suppose 0 - 12 = 4*g, -2*r + 25 = -5*g. Suppose 5*n = -0 + 10. Suppose 5 - 3 = -4*x - n*w, -r*x = 2*w + 1. What is the greatest common factor of x and 1?
1
Suppose 4*p - 517 + 309 = 0. Calculate the greatest common factor of p and 260.
52
Let v be (-12)/21 + (-348)/(-28)*6. Let i = v + -32. Let j = 4 - -3. What is the highest common divisor of i and j?
7
Suppose 0 = 4*q + q + 280. Let h = q + 177. Suppose 4*f - 34 = -2*k - 0*k, -4*k + 47 = f. Calculate the highest common divisor of k and h.
11
Let s(q) = 21*q + 2. Let v be s(-2). Let r = v + 65. Let o = r - 7. What is the highest common factor of 6 and o?
6
Suppose -4*j - 5*b = -460, -5*j - 2*b = -7*b - 530. Let k(a) = a**2 + 122*a + 1265. Let y be k(-111). Calculate the greatest common factor of y and j.
22
Let i(k) = k**2 + 8*k + 12. Let o be i(-7). Let l be o*(2 + (-22)/10)*-6. Calculate the greatest common divisor of 6 and l.
6
Suppose 0*s = -2*s - 50. Let z(q) = -q**3 - 8*q**2 - 22*q - 14. Let w be z(-6). Let t = s + w. Calculate the highest common divisor of t and 3.
3
Let s(n) = -4*n**2 + 33*n - 53. Let x be s(6). Suppose -3*p - 2 = t, -t + 2*t + p - 8 = 0. Calculate the greatest common divisor of t and x.
1
Suppose 4*i + 421 = -119. Let c = i - -270. What is the highest common divisor of 15 and c?
15
Let y be 4/10*(1 - -59). Let m be (6 - 2)/((-36)/10 - -4). Let v = y - m. Calculate the greatest common divisor of 126 and v.
14
Suppose -l + 11 = 3*j, -2*l + 1 = -3*j + 2*j. Let z be l - (-15 - 0 - 0). Let h = -698 - -885. Calculate the highest common factor of h and z.
17
Let c(u) = u + 14. Let o be c(7). Suppose 0 = 2*z - 4*z + y, 14 = -3*z - 2*y. Let h be 189 + 0 - (z - -2). Calculate the greatest common divisor of o and h.
21
Suppose -4*k + 3*u - 8 = -108, 0 = u. Suppose -5*s + k = -15. Let r(c) = 2*c - 6. Let g be r(5). Calculate the greatest common factor of s and g.
4
Let o(z) = -51*z + 404. Let n be o(-27). What is the greatest common divisor of 13 and n?
13
Let j be 10/25 - ((-92)/20 - 1). Suppose 29*q = 23*q + 60. Calculate the highest common div